p**2 + 4*p + 7. Calculate the remainder when 25 is divided by d(-3).
12
Let x be 0/(4/2 + -1). Suppose j + 2*j - 113 = 2*u, -5*u = 4*j - 143. What is the remainder when j is divided by (-13 - x)*4/(-4)?
11
Suppose 0*n - n + 38 = 0. Let d = 5 - -8. Calculate the remainder when n is divided by d.
12
Let c be ((-4)/8)/(2/84). Let o = c - -36. Calculate the remainder when o is divided by 4.
3
Suppose 0 = -3*f + u + 32, 34 = 8*f - 5*f - 2*u. What is the remainder when 99 is divided by f?
9
Let o = 74 - 53. Calculate the remainder when 101 is divided by o.
17
Let m(v) = 8*v - 7. Let y = -13 + 15. Let s(t) = t**3 + 2*t**2 + t - 4. Calculate the remainder when m(6) is divided by s(y).
13
Let q(f) be the first derivative of -3*f**2/2 + f + 4. Calculate the remainder when 39 is divided by q(-3).
9
Suppose 2*k + 5*f = -k + 395, -25 = 5*f. What is the remainder when 71 is divided by (-6)/(-9) - k/(-6)?
23
Let d(m) = 6*m**2 - 2*m**3 - 3*m - m + m**3 - 1. Calculate the remainder when 9 is divided by d(5).
1
Suppose 5*o + 12 = b + 4*o, -2*b - 3*o = -34. What is the remainder when ((-92)/(-6))/((-4)/(-18)) is divided by b?
13
Let d be 10 + -4 + -1 - 1. Suppose c - 79 = d. Calculate the remainder when c is divided by 28.
27
Suppose -6*g = -4*g - 24. Calculate the remainder when 22 is divided by g.
10
Suppose 0 = -4*u, 0 = -4*b - 2*u - 46 + 10. Let c = b + 4. Calculate the remainder when 2/c - (-434)/10 is divided by 15.
13
Let h = -251 - -435. What is the remainder when h is divided by 37?
36
Suppose -189 = -5*u + 346. Let j(a) = -28*a**3 - a**2 - 3*a - 3. Calculate the remainder when u is divided by j(-1).
26
Let j(g) = -g - 4*g + 5*g**2 - 2*g. Let n be j(5). Suppose -2*w + 7*w = n. Calculate the remainder when 52 is divided by w.
16
Let t = -11 - -18. Suppose -1 - 95 = -2*n. Suppose q = -3*z + 40, 5*z + 0*q - n = 3*q. Calculate the remainder when z is divided by t.
5
Suppose 3 = -2*m - 1. What is the remainder when 23 is divided by m/(-10) + (-118)/(-10)?
11
Let n = -9 - -13. Suppose -n*z = z - 35. What is the remainder when 13 is divided by z?
6
Let y = -58 + 261. Let z be 10/4 - 2/(-4). Suppose z*h - 4*q - y = 0, h - q = -4*q + 85. What is the remainder when h is divided by 19?
16
Calculate the remainder when 33*1 - 0/(5 + 0) is divided by 9.
6
Suppose 14*z + 0*z - 378 = 0. What is the remainder when z is divided by 2/3 - 86/(-6)?
12
Let b be (3/6)/((-2)/(-52)). Let u be 26/91 - (-24)/14. Let i = b + u. Calculate the remainder when i is divided by 9.
6
Suppose 0 = 2*x + x - 9. Suppose -2*c = -x*c + 5, 2*h - 3*c = 15. Suppose o - 6 = 23. What is the remainder when o is divided by h?
14
Suppose 58 = 5*u - 4*v, -5*v = 3*u - 57 - 0. Let l = u - 10. Suppose 3*f + 4 = l*f. What is the remainder when 10 is divided by f?
2
Suppose 2 = 3*p - 4*z, -4*p + 3*z = -2*z - 2. Calculate the remainder when 37 is divided by ((-3)/p)/(3/20).
7
Let t = -4 - -6. Suppose 44 + 4 = t*k. Calculate the remainder when 70 is divided by k.
22
Let u(a) = 7*a + 0*a - 2*a**3 + 0 - a**2 + 6. Let w be u(-4). What is the remainder when 7 is divided by w/21 + 4/(-14)?
3
What is the remainder when (-44 - -6)/(-1 + 0) is divided by 10?
8
Suppose 2*n - 52 = -2*l + 44, 0 = -5*n + 2*l + 275. What is the remainder when n is divided by 7?
4
Suppose i + 0*s - 24 = -2*s, 0 = -4*i + 2*s + 46. Calculate the remainder when 59 is divided by i.
3
What is the remainder when 33 is divided by 18/(-4)*(-48)/18?
9
Calculate the remainder when 38 is divided by ((-30)/45)/(1/15*-1).
8
Let a = -3 - -8. Calculate the remainder when a is divided by 4.
1
Suppose -2*a + 13 + 5 = 0. What is the remainder when 44 is divided by a?
8
Suppose 2*c + 792 = 6*c. Calculate the remainder when c is divided by 40.
38
Suppose 5*k + 2*c - 99 = 0, -5*k = -5*c + 66 - 186. Suppose 2*a + 21 = 3*a + 3*n, -a + k = -n. Calculate the remainder when a is divided by 12.
9
Let c be ((-4)/10)/((-6)/840). Let k = c + -21. Calculate the remainder when k is divided by 12.
11
Let l be 1/(-2)*0 - -8. Let s = l + -1. Calculate the remainder when (-3 - 8/(-20))*-5 is divided by s.
6
Suppose -3*d + 5*r + 90 = 0, -3*d + 2*r = d - 106. Calculate the remainder when d is divided by (-87)/(-12) - 6/24.
4
Let s(j) = j**3 + 13*j**2 + 7*j - 3. Suppose 5*u + 3*o - 106 = 0, -2*u + u = -2*o - 16. Calculate the remainder when s(-12) is divided by u.
17
Let v(r) = r**3 - 10*r**2 + 12*r + 2. Let u be v(9). Let t = u - 18. Calculate the remainder when t is divided by 3.
2
Let d be 8*-1 + 2/2. Let b = 7 + d. Suppose -5*x + 0*x + 135 = b. What is the remainder when x is divided by 14?
13
Let u be 0 + 3 + -1 - 3. Let o(k) = -3*k**3 + k**2. Calculate the remainder when 9 is divided by o(u).
1
Let i be (8*3)/((-9)/(-6)). Let u = i + -8. Suppose 0 = x - 5*x + u, 9 = y - 2*x. What is the remainder when 37 is divided by y?
11
Suppose s + 79 = 5*t, -4*t - 3*s + 3 = -64. Calculate the remainder when t is divided by 10.
6
Suppose 7*a - 384 = -5*a. What is the remainder when a is divided by 12?
8
Suppose -4*a + 5*a + 32 = 2*v, 5*a = -4*v + 64. Suppose 2*g - 50 - 74 = 0. What is the remainder when g is divided by v?
14
Let z = 63 - 39. Calculate the remainder when 213 is divided by z.
21
Let p(t) = t**3 + 2*t**2 - 2*t. Let r be p(-5). Let g = r - -96. What is the remainder when g is divided by (-2)/(-10) - 237/(-15)?
15
Let i = -40 + 91. What is the remainder when i is divided by 26?
25
Let i(v) = v**2. Suppose 5*j = -4*w - 15, -3*j = -w + 3*w + 9. Calculate the remainder when 15 is divided by i(j).
6
Let j(h) = -h**2 - 9*h - 9. Let k = -70 + 75. What is the remainder when j(-6) is divided by k?
4
Let g(i) = 27*i**2 - 4*i - 5. What is the remainder when 102 is divided by g(-1)?
24
Suppose -5*r = -2*r - 75. Let a(t) = t - 8. Let i be a(0). Let h = i + r. What is the remainder when 50 is divided by h?
16
Let g = 52 + -18. Let p = g + -19. What is the remainder when 28 is divided by p?
13
Let g = -220 - -231. Let z(a) = a**2 + a. Let c(b) = -b. Let v be c(-4). Calculate the remainder when z(v) is divided by g.
9
Let t = -23 + 13. Let y = -6 - t. Suppose 0 = 3*k - y*q + 15 - 83, 10 = k + 5*q. What is the remainder when k is divided by 11?
9
Let q(t) = 2*t + 2. Let x be q(-5). Let m(n) = -n**3 + 8*n**2 - 8*n + 1. What is the remainder when m(6) is divided by (2 - x - 1) + 0?
7
Let v(c) = -c**2 + 18*c + 10. Calculate the remainder when 25 is divided by v(18).
5
Suppose 0 = -s + 11 + 14. What is the remainder when 72 is divided by s?
22
Suppose -3*x + 58 = -0*x + 5*p, 4*p = -3*x + 53. What is the remainder when 18/(-4)*(-40)/6 is divided by x?
8
What is the remainder when 59 is divided by 4 - (-16)/(-12)*-9?
11
Suppose -4*j - 3*x - 35 = 0, 0 = 5*j - 3*x + 48 + 16. Let c = 15 - j. Let n = c + -18. Calculate the remainder when 14 is divided by n.
6
What is the remainder when 4 - 4 - (-92)/1 is divided by 19?
16
Let d be 3/3*-3 + 151. Let s = -95 + d. Calculate the remainder when s is divided by 14.
11
Calculate the remainder when 18 - (4 + -3)/(-1) is divided by 5.
4
Let f = -147 - -270. What is the remainder when f is divided by 42?
39
Suppose 2*o - 2 = 12. Calculate the remainder when 2/7 - (-552)/28 is divided by o.
6
Suppose -5*k + s = -86, s + s = -2. Suppose 0 = -3*g + p + 20, -2*g = -4*g + 2*p + 16. What is the remainder when k is divided by g?
5
Suppose -4*s + s = 0. Suppose 0 = -s*f - 2*f + 2. Calculate the remainder when 1 is divided by f.
0
Let o(q) = 2*q - 18. Calculate the remainder when 11 is divided by o(10).
1
Let h(a) = -6*a**3 - 2*a**2 - 4*a - 3. Let w be h(-2). Suppose -5*r = -m - w, 5*r = -4*m + 3 + 17. Calculate the remainder when 21 is divided by r.
5
Let a = -8 + 50. What is the remainder when a is divided by 23?
19
Suppose k + 5*d = 110, -3*k + 577 = 2*k - 2*d. What is the remainder when k is divided by 29?
28
Let w(j) = j**3 - 7*j**2 - 18*j + 1. What is the remainder when 2 is divided by w(9)?
0
Suppose -v = -3*v + 8. Let n(t) = t**3 + 16*t**2 - t - 13. Calculate the remainder when v is divided by n(-16).
1
Suppose -2*u = -3*u + 1. What is the remainder when u is divided by 1?
0
Let g be (8/24)/(1/(-21)). Let c(x) = -x**3 - 7*x**2 - 3*x - 6. Calculate the remainder when 58 is divided by c(g).
13
Let d be 0 + 1/(-2)*-2. Let y = d - -5. Calculate the remainder